 (-30)/9*12/(-10). Let m be j(f). Determine s(m).
-5
Let j(t) = 9*t**2 + 5*t - 21. Let x(u) = 5*u**2 + 3*u - 10. Let k(d) = -3*j(d) + 5*x(d). What is k(0)?
13
Let c(d) = -6*d - 29. Let b(n) = 2*n + 9. Let p(t) = 19*b(t) + 6*c(t). What is p(-6)?
-15
Let o(b) = 3 + 6*b**2 - 4*b**2 - b**2 - b - 6. Let v be o(0). Let n(k) be the second derivative of k**3/6 - k**2 - 14*k. Give n(v).
-5
Let q(h) be the third derivative of -h**5/60 + 7*h**4/24 - 5*h**3/6 + 11*h**2. Suppose 59 = -7*i + 17. Let y = 10 + i. What is q(y)?
7
Let m(p) = -p**3 + 6*p**2 - 3*p + 5. Let t(n) = -2*n**2 + 20*n - 7. Let c be t(8). Suppose 5*s = -z + 28, 5*s - 3*z - 11 = c. Determine m(s).
-13
Let x = -55 + 58. Let o(q) = 10 + 6*q + 4*q**3 - 6*q**2 - 4*q - x*q**3 - 11*q. Give o(7).
-4
Let x(q) = q**2 + 6*q - 2. Let o(s) = -s**2 - 6*s + 1. Let z(h) = 5*o(h) + 4*x(h). Give z(-6).
-3
Let u(p) = -p**2 + 11*p - 7. Let v be u(10). Let w(t) = 2*t - 4*t**2 + 5*t**2 + 4 + t**v - 2 + 4*t**2. What is w(-5)?
-8
Let r(w) = 2*w**2 - w + 9. Let q(s) be the first derivative of -s**3/3 - 5*s + 35. Let h(u) = -5*q(u) - 3*r(u). Determine h(2).
0
Let v(d) be the second derivative of d**4/6 - d**3/6 + 78*d. Give v(3).
15
Let t(x) = -x**2 + 2. Let j(o) = 3*o. Let b be j(1). Give t(b).
-7
Suppose 2*d = -2*q + 10, 2*d - 3*d + 3 = 0. Suppose 0*c - q*z + 6 = c, 3*c + z - 3 = 0. Suppose 2*j = -c*j. Let b(i) = -i**3 + i**2 + 7. Determine b(j).
7
Let v(k) = k. Let p be v(7). Let y(u) be the second derivative of -u**4/24 + u**3/2 + 5*u**2/2 - 6*u. Let q(a) be the first derivative of y(a). Determine q(p).
-4
Let k(n) = -5 + 4 + n + 3. Suppose 6*j + 10 = j. Let d(b) = 2. Let f(r) = j*k(r) + 3*d(r). Determine f(-5).
12
Let i(b) be the first derivative of b**3/3 - 4*b**2 + 6*b + 585. Give i(8).
6
Suppose 5*a - 3*u = 26, -a - 5*u = 6 - 0. Let f(o) = 5 + 2*o - 6 + 1 + 3. Give f(a).
11
Let v(b) = 4*b + 26. Let k(f) = f + 5. Let p(z) = 16*k(z) - 3*v(z). Let g(w) = 3*w + 2. Let l(x) = 5*g(x) - 4*p(x). Let s be 0 + 3 + -1 + 3. Give l(s).
-3
Let l(t) be the first derivative of t**2 + 5/6*t**3 + 6 + 2*t + 1/12*t**4. Let g(j) be the first derivative of l(j). Determine g(-4).
-2
Let s = 574 + -562. Let d(t) = t - 17. Give d(s).
-5
Suppose -47*b + 30 = -37*b. Let w(l) = -l**3 + 2*l**2 - l - 1. Calculate w(b).
-13
Let g(h) = -h**3 - 14*h**2 - 13*h + 1. Let q(c) = -6*c**2 + 91*c - 28. Let j be q(15). Determine g(j).
1
Let c(l) be the third derivative of l**6/120 - l**5/10 - l**4/4 - l**3/6 - 207*l**2. Give c(7).
6
Let o(r) = -r - 3. Suppose -16*v = -17*v - 29. Let h = 24 + v. Calculate o(h).
2
Suppose -6 = -2*a - m - 3, 3*a + m = 5. Suppose 5*k - 6 - 69 = 0. Suppose -a*i = 3*i + k. Let h(w) = -4*w + 1. Calculate h(i).
13
Suppose 6*g - 10*g = 0. Let w be 8/12 - 4/(-3). Let v(u) = 2*u**2 - w*u**2 + u**2. Calculate v(g).
0
Let t = -10 - -12. Let n(w) = w**t + 3*w + 2*w**2 + 7 - 4. Let r be ((-24)/(-15))/(-4)*5. What is n(r)?
9
Let x(f) = -f**3 + 7*f**2 - 8*f - 4. Let i(d) = d**3 + 12*d**2 + 19*d - 1. Let g be i(-10). Let t be 6*(-6)/g*(-6)/4. Determine x(t).
-16
Let o(l) be the second derivative of 0 - 5/24*l**4 + 5*l + 0*l**2 + 1/20*l**5 - 5/6*l**3 - 1/360*l**6. Let z(w) be the second derivative of o(w). Give z(6).
-5
Let o(p) = -8*p + 72*p**2 + p - 4 - 36*p**2 - 35*p**2. Suppose 5*t = t + 16. Determine o(t).
-16
Let w(d) = -d - 1. Let a = -724 - -728. Let q = -41 + 66. Suppose -q = a*x - 5. Calculate w(x).
4
Let i = 503 + -504. Let b(u) = -8*u - 1. Give b(i).
7
Let d be (-4)/(-5)*100/40. Let j(a) = -54*a + 56*a + 2*a**2 - d + a**3 + a**3 + 3. Suppose 4*f = -3*m - 10, 0 = -2*m - 4 - 0. Determine j(f).
-1
Let k be (-155)/(-3) + (-2)/(-6). Let h be (-6)/(-18)*(9/(-3) + 30). Let o(s) = 4 + 51*s**2 - 3 - k*s**2 - h*s**3. Determine o(1).
-9
Let v(k) = -k**2 - 8*k - 5. Suppose -23 = 2*j - 3*c, -j - 13 = -4*c + c. Let y be j/(-4)*444/(-185). Give v(y).
7
Let n(r) = 5 - r**2 - 4*r**2 + 1 + r**3. Let b(l) = -l + 1. Let c(d) = d - 1. Let g(q) = 5*b(q) + 6*c(q). Let u be g(6). What is n(u)?
6
Let x(a) = -a**3 - 16*a**2 + 30*a + 230. Let p be x(-17). Let u(h) = h**2 - 8*h - 9. Give u(p).
0
Suppose 24 = 4*q + 4. Suppose -q*v - 3 = -2*v. Let a(r) = -11*r**2. Give a(v).
-11
Suppose 3*n = -6 + 18. Let t(w) be the third derivative of -1/12*w**4 - 1/6*w**3 + 0*w + 0 + w**2. Determine t(n).
-9
Let g = -160 - -164. Let t(v) = 2*v + 2. What is t(g)?
10
Suppose -5*y = -y - 2*c - 34, -5*y = 4*c - 75. Let a(k) = k - 10. Determine a(y).
1
Let w(h) be the third derivative of -h**6/40 - 82*h**2. Let c(o) = -o**2 - 4*o - 3. Let a be c(-2). Determine w(a).
-3
Let z(u) = -u**3 - 7*u**2 - 7*u - 2. Suppose -307*w = -313*w - 36. Calculate z(w).
4
Suppose -31 = -14*w + 39. Let t(p) = p**3 - 3*p**2 - 7*p. Determine t(w).
15
Let p(s) = -2*s - 11. Suppose 0 = 3*f + 3*j + 24, -3*f - j - 3*j = 25. What is p(f)?
3
Let z(p) be the first derivative of -p**3/3 + p**2/2 + 10*p + 1. Suppose 5*u = -2*r - 8, 1370*u - 3*r - 12 = 1365*u. What is z(u)?
10
Let k(q) = -40*q - 39. Let s be k(-1). Let y(z) = 26*z + 2. Give y(s).
28
Let g(m) = -2*m**2 + 10*m - 9. Let u(w) = 2*w**3 - w**2 - 55*w + 105. Let j be u(2). What is g(j)?
-37
Let t be 2*((-9)/(-2))/(5 - 2). Suppose 0*b = b. Suppose -5 = -b*i - t*i + 4*j, 0 = -i - 3*j - 20. Let c(p) = -p**2 - 5*p - 4. Determine c(i).
-4
Let f(g) be the first derivative of 3*g**2/2 - 6*g - 113. Determine f(5).
9
Let u(o) = 7*o**2 - 4*o - o**3 - 2875 + o + 2871. What is u(6)?
14
Let h(v) = -3*v**2 + 8*v + 42 - 25 + v**2 - 20. What is h(5)?
-13
Let f(t) be the second derivative of -t**4/12 - 5*t**3/6 - t**2/2 - 3*t. Let o = -1551 - -1545. What is f(o)?
-7
Let o be ((-7)/2)/((-14)/8). Let w(g) be the second derivative of -1/6*g**3 + 1/20*g**5 + 1/12*g**4 + 0 + 4*g**o - 3*g. Calculate w(0).
8
Let k = 104 - 146. Let f = k + 36. Let m(h) = h**2 + 7*h - 4. What is m(f)?
-10
Let l(z) = 13*z - 13. Let o(v) = 2*v - 1. Let f(u) = l(u) - 6*o(u). What is f(0)?
-7
Let w(a) = 3*a + 11. Let k be w(-3). Let f(i) be the second derivative of -i**3 + k*i**2 + 0 + 11*i - 1/12*i**4. Calculate f(-6).
4
Suppose -r - 5*x + 5 = 0, 3*x - 4 = 3*r - 1. Let j(i) = -i + 4. Determine j(r).
4
Let r = -13 - -22. Let v(t) = 9*t - r*t - 12 - 5*t + 6*t. Give v(6).
-6
Let m(o) = -4*o + 32. Let y(f) = -f + 5. Let h(q) = m(q) - 3*y(q). What is h(6)?
11
Let f(q) = -q**3 - 15*q**2 + 12*q + 32. Let z be f(-16). Suppose 0 = 5*d + 66 - z. Let x(r) = -3*r + 8. Give x(d).
-10
Let w(j) = -j**3 - 13*j**2 - j - 19. Let m(s) = 7*s**2 + 21*s - 53. Let z(q) = -13*q**2 - 41*q + 105. Let k(c) = -11*m(c) - 6*z(c). Let a be k(-17). Give w(a).
-6
Let v(x) = x**2 - 25*x - 103. Let g be v(29). Let s(f) = -f**2 + 13*f + 10. Determine s(g).
10
Let n be 2/((4 - 5)*2). Let q(t) = t. Let g(u) = 13*u. Let w(f) = n*g(f) + 6*q(f). Suppose -x + 2*d = -2*d + 19, -d = -4*x - 1. Give w(x).
-7
Let d(g) be the third derivative of g**9/60480 + g**8/2880 - g**7/630 - 3*g**5/20 - 14*g**2. Let j(f) be the third derivative of d(f). Calculate j(-8).
0
Let q(j) = -14*j**2 - 2*j. Let k be q(-1). Let l be (-55)/44 + 9/k. Let b(r) = r**2 + 1. Give b(l).
5
Let x = -27 + -29. Let m be 4/(-14) - (-96)/x. Let s = 2 - m. Let w(b) = b - 4. Give w(s).
0
Let a = 10 - 15. Let m(d) = 9*d. Let k(g) = -5*g. Let i(w) = -11*k(w) - 6*m(w). What is i(a)?
-5
Let r(b) = -b**3 - 6*b**2 - 5*b - 2. Let y = -150 + 266. Let n = 184 - y. Let d be (-2)/(-3) + n/(-12). Calculate r(d).
-2
Let r(i) = 4*i**2 - 3 + 4*i + 4*i - 3*i - 3*i**2. Let z be 5/((-270)/12) - (-583)/(-9). Let q = z - -61. Calculate r(q).
-7
Let r(g) be the first derivative of -g**4/4 - 13*g**3/3 - 13*g**2/2 - 5*g + 140. Calculate r(-12).
7
Let h(b) = -2*b**2 - 6*b. Suppose -2*l + 6 = -3*x, -6*l = -2*x - 2*l - 12. Let s = 1 + x. Let n = s + -5. What is h(n)?
-8
Let y(t) be the third derivative of 0 + 29*t**2 + 0*t - 1/24*t**4 - 1/3*t**3. Give y(0).
-2
Let x(w) = 3*w**3 - 4*w**2 - 5*w + 4. Let p(f) = -7*f**3 + 9*f**2 + 11*f - 8. Let b(l) = -2*p(l) - 5*x(l). Let z be b(2). Let k(r) = 2*r**2 - r. Calculate k(z).
6
Let n(m) = -335 - m**3 - 3*m - 6*m**2 + 338 - 3*m. Determine n(-5).
8
Let a(v) = 705 - 1395 + 694 + v. Give a(-10).
-6
Let o = 28 + -23. Let v(m) be the third derivative of m**5/60 - 5*m**4/24 - m**3/3 - 8*m**2. Determine v(o).
-2
Let n(c) be the second derivative of c**5